 - 15. Give a(c).
-1
Let b(a) = -3*a + 23. Let f(r) = 7*r - 46. Let h(x) = -5*b(x) - 2*f(x). Give h(18).
-5
Let w(m) = -5*m + 1. Let b(c) = 27*c + 3. Let q be b(-3). Let t = -110 - q. Let l be t/(-14) + (-16)/56. Give w(l).
-9
Let i be 1 + (-4)/((-4)/3). Let w(q) = -q + i*q + 12 - 5*q. Let j be w(6). Let t(x) = -x + 4. Calculate t(j).
4
Let x(k) = -k**2 + 4. Let r = 1437 - 1437. Calculate x(r).
4
Let d be (-2)/(-3) + (-17)/3. Let v(x) = 3*x**3 + x**2 + 5*x + 3. Let u(w) = 4*w**3 - w**2 + 6*w + 5. Let b(r) = 2*u(r) - 3*v(r). Determine b(d).
16
Suppose 33*h = -12*h + 29*h + 80. Let p(i) = -i**2 + 15*i - 2. Let n(y) = y**2 - 14*y + 3. Let a(k) = 5*n(k) + 4*p(k). Calculate a(h).
-18
Let n(l) = l**2 + 54 + l**2 + 3*l - 114 + 59. Determine n(-3).
8
Let v be ((-172)/215)/((-2)/45). Suppose -v = -16*f + 46. Let d(x) = x**3 - 3*x**2 - 6*x + 5. What is d(f)?
-3
Let j(t) = -5*t + 28. Let w(f) = -2*f + 9. Let q(s) = 3*j(s) - 8*w(s). Let u(l) = 7*l - 34. Let x be u(4). What is q(x)?
6
Let o(a) be the third derivative of -a**6/120 + a**5/30 + a**4/24 + 2*a**3/3 + 19*a**2 + 12*a. Let j = 0 - -3. Calculate o(j).
-2
Let v(j) = -11*j**3 + 3*j**2 - 5. Let i(y) = -8*y**3 + 2*y**2 - 4. Let w(z) = 4*i(z) - 3*v(z). Calculate w(1).
-1
Let t(o) be the second derivative of 0 - o**2 + 1/6*o**3 - 6*o. Calculate t(6).
4
Let l(d) = d**3 + 16*d**2 + 16*d + 19. Let i be l(-15). Let o be 6/(-12) - (-14)/i. Let g(j) = 0*j + j + 4 + 3*j**o - 2 - 2*j**3. Give g(0).
2
Suppose 3*y + 2*p = 6*p - 5, -3*y = -p + 8. Let w(d) = d**3 + 5*d**2 + 2*d - 3. Give w(y).
9
Let k(p) = -p**2 + 4*p - 3. Suppose -1 = -5*u + 14. Let s be 12/u - (0 - -1). Suppose q - 4*w + 0*w = 15, -12 = -q + s*w. Determine k(q).
0
Suppose 6*a - 14 = 16. Let q(o) be the third derivative of 2*o**2 + 0*o + 1/6*o**3 + 0 + 0*o**4 + 1/60*o**a. Calculate q(-3).
10
Let b(d) = -d**2 - 10*d - 14. Let f(c) = -c - 1. Let m(j) = b(j) + 5*f(j). Determine m(-13).
7
Let h(x) = 4*x**2 - x + 1. Let b be h(2). Suppose 2*y - 7 = -b. Let z(k) = 5 + 0 - k + 3*k - 4*k - k**2. Calculate z(y).
-3
Let b(k) = -2*k**2 + k - 2. Let i(a) = -8 + 4 + a + 0. Let m be i(2). What is b(m)?
-12
Let i = -4520 + 4522. Let x be (-76)/(-18) - 2/9. Let g(h) = x*h + 0*h - 2*h. Calculate g(i).
4
Let q(v) be the first derivative of 5*v**4 - v**2/2 - 351. What is q(1)?
19
Let s(a) be the second derivative of -1/3*a**3 + 0 + 18*a + 1/20*a**5 - 1/4*a**4 - 2*a**2. Determine s(4).
4
Let j(w) be the third derivative of 1/120*w**6 - 1/12*w**5 + 0 + 1/6*w**4 - 8*w**2 + 2/3*w**3 + 0*w. Calculate j(4).
4
Let v(w) = 5*w**2 + 3*w - 6. Let c(g) = -g**2. Let j(x) = 6*c(x) + v(x). Let s = 55 - -11. Let o be s/15 + 2/(-5). Give j(o).
-10
Let l(s) = -3*s**2 + 117*s + 9. Let t be l(39). Let o(a) = a**2 - 11*a + 11. What is o(t)?
-7
Suppose 5*a + 0 = -20. Let y(w) = -3*w**2 + 8*w + 3. Let l = 32 - 41. Let z(q) = 7*q**2 - 17*q - 6. Let v(s) = l*y(s) - 4*z(s). Give v(a).
-3
Let p(n) = -n**2 - 3*n + 2. Let v be (26/(-39))/((-3)/9 + 0). Let i be ((-24)/(-32))/(v/(-8)). What is p(i)?
2
Let z(g) = -2*g - 24. Let k be z(-9). Let h be 3*((-1)/k)/((-3)/12). Let s(o) = -o**3 - 3*o**2 + o - 1. Determine s(h).
-7
Let m = 69 + -73. Let r(y) be the third derivative of y**5/60 + y**4/12 - y**3/3 - 7*y**2. Give r(m).
6
Let v(w) = 2*w**2 + 18*w**3 - 15*w**3 + 2 + 2*w - 4. Calculate v(-2).
-22
Let p be (20/(-1))/4*(1 - 2). Let j(l) = -3*l - 5. Let u(m) = -4*m - 9 + 9 - 5. Let f(g) = 5*j(g) - 4*u(g). Calculate f(p).
0
Let s be ((-13)/4 + (7 - 4))*4. Let v(w) be the second derivative of -2*w**4/3 + w**3/3 + w**2/2 + 10*w. Calculate v(s).
-9
Let v(d) = -d**3 - d**2 + d + 1. Let n(f) = -2*f**3 + 5*f**2 + 3*f - 4. Let h(g) = n(g) - v(g). Let b be -2 + 3/(9/24). Determine h(b).
7
Let p(u) be the third derivative of u**3/6 + 23*u**2. Let v(w) = 3*w + 4. Let b(y) = -6*p(y) + v(y). Give b(-3).
-11
Let i(d) be the second derivative of 7*d**4/12 - d**3/6 - d**2/2 - 344*d + 1. Determine i(-1).
7
Let d(u) be the second derivative of u**5/120 + u**4/24 - 41*u**3/6 + 19*u. Let b(o) be the second derivative of d(o). Determine b(3).
4
Let c = -111 - -56. Let s = -50 - c. Let l(u) = u**3 - 4*u**2 - 2*u + 6. What is l(s)?
21
Let j = 0 - -4. Let p(w) = 11*w - 19*w - 6 + 9*w. What is p(j)?
-2
Let m = -3259 - -3267. Let n(x) = x + 4. Let v(o) = -o - 3. Let w(d) = -4*n(d) - 6*v(d). What is w(m)?
18
Let f(k) = 4*k**3 - 2*k - 1. Let w(p) be the first derivative of -p**2/2 - 8*p + 1. Let b be w(-9). Let u be (3 + (-16)/4)/b. Calculate f(u).
-3
Let x(c) = -15*c**2 + 17*c + 16. Let p(l) = 7*l**2 - 8*l - 7. Let b(y) = 13*p(y) + 6*x(y). What is b(4)?
13
Let k be 3/(9/15) + -3. Let v(m) = 5 + 6 - 3 - m + k. Let o be (-5)/4*(-36)/9. Give v(o).
5
Let y(f) = -f - 9. Suppose -3*s - 27 = -4*g - 6, -2*s - 3 = g. Give y(s).
-6
Suppose -5*z + 4*z = -4. Let n be 60/45*(-6)/z. Let l(p) = 3*p**3 + 3*p**2 + 3*p. What is l(n)?
-18
Suppose -4*q + 14 + 10 = 0. Let k = -3 + q. Let t(s) = 0*s**2 + 1 + 2*s**2 + 2 - s**3 + 2*s**2 - 5*s. Determine t(k).
-3
Let c(w) = -w**2 + 11*w + 1. Let p = 813 + -805. Give c(p).
25
Let a(g) = -3*g - 26. Let x be a(-11). Let s(k) be the second derivative of 0 + 8*k + 0*k**2 + 1/12*k**4 - 7/6*k**3. Determine s(x).
0
Let m(a) = -a - 6. Let d(b) = -5 - 1 + 1. Let g(p) = 5*d(p) - 4*m(p). Determine g(2).
7
Suppose r = -3*r + 8. Let f(i) = i**3 + 41*i + 6*i**r - 3 - 73*i + 38*i. Determine f(-5).
-8
Let a(s) = 3*s + s**2 + 4*s - 7 + 0*s**2. Let z be (154/(-28) + 9)/(2/(-4)). Give a(z).
-7
Let r = 413 - 418. Let j = -5 - -10. Let y(g) = 4*g - j*g - 4 - g. Determine y(r).
6
Let t = -90 - -95. Let q(d) = -d + 3. Determine q(t).
-2
Let m(f) = -4*f + 10. Let a be m(7). Let i be (a/(-12))/((-2)/4). Let x = i - -2. Let j(k) = 7*k**2 - k - 1. Determine j(x).
7
Let m(d) be the second derivative of -d**6/120 - d**5/30 - 5*d**2/2 + 12*d. Let l(j) be the first derivative of m(j). Calculate l(-2).
0
Let w(c) = c**2 - 5*c - 2. Let k(a) = -a**2 + 4*a. Let b(t) = -4*k(t) - 3*w(t). Determine b(6).
36
Let n(j) = j**2 - j + 2. Let u = 138 - 137. Suppose -3*q = u + 8. Calculate n(q).
14
Let b be ((-266)/(-95))/(3/45*6). Let u(g) = -g**3 + 8*g**2 - 4*g - 6. Give u(b).
15
Let v be ((-3)/(-4))/((-2)/8). Let q be (-12)/(-4) + v + -4. Let b(m) = -m**2 - m - 3. Determine b(q).
-15
Let i = -1 - -4. Let k(s) be the second derivative of -1/2*s**2 - 4*s + 1/12*s**4 - s**3 + 0. What is k(i)?
-10
Let c(m) = 3*m + 0*m - 2*m + 10 + 2. Let p be ((-22)/(-33))/(4/(-42)) + 2. Determine c(p).
7
Suppose y = -5*h + 15, -4*y = -h + 4*h + 8. Let x(a) = -h + a + 6 + 3 + 4. Let j(g) = g. Let o be j(-5). Give x(o).
4
Let w(j) = 31*j - 74*j - 3 + 36*j. What is w(-2)?
11
Let j(o) = -o**3 + 3*o**2 - o + 11. Let u(q) = -5*q**3 + 17*q**2 - 6*q + 56. Let l(b) = 11*j(b) - 2*u(b). What is l(0)?
9
Let o(w) be the first derivative of 3*w**2/2 + 3*w + 10873. Let l(i) = i - 9. Let b be l(6). What is o(b)?
-6
Let s(b) = 6*b**2 + 3*b + 3 - b**3 - 9*b**2 + 10*b**2 - 4*b. Let q be -1*2 + (6 - -3). Give s(q).
-4
Suppose 3*n = -14 - 13. Let j(s) = 2*s + 11. Let c be j(n). Let u(o) = -o**2 - 6*o + 8. What is u(c)?
1
Let c(r) = -4*r**2 + 652 - 1307 + 7*r**3 + 656 + 3*r**2. Let v be 4/(-18) - (-77)/63. What is c(v)?
7
Suppose 7*y = 8*y. Let v be 3 + (y - 1 - 0). Suppose z + 15 = 4*b, b = v*z - 3*z. Let k(l) = l**3 + 2*l**2 - 2*l. Give k(z).
-3
Let k(u) be the first derivative of 3*u**2 - 10*u + 220. Give k(4).
14
Let p(u) = 22*u**2 - 2 - 12*u**2 - 4 + 10*u - 11*u**2. What is p(6)?
18
Let h(w) be the first derivative of -w**3/3 - 7*w**2/2 + 2*w + 473. What is h(-9)?
-16
Suppose 0 = -k - 5, 4*g + k + 3 = 6. Let n(c) = 2*c**2 + 2. Let w(r) = -9*r**2 - 3*r - 6. Let p(d) = 4*n(d) + w(d). What is p(g)?
-8
Let d(g) = -g**2 + 3*g + 7. Let h be 20/4 + -2 + -3. Suppose 2 = -3*k - 1, 5*t - 3*k - 28 = h. Calculate d(t).
-3
Let s(q) be the first derivative of q**4/4 - 10*q**3/3 + 9*q**2/2 + 3*q - 121. Suppose 12 = -4*h, 7*v = 3*v + 5*h + 51. Give s(v).
3
Let t = 119 - 173. Let a = t - -50. Let d(g) = -g**2 - g + 2. Calculate d(a).
-10
Let y(w) = -w**3 - 28*w**2 - 3*w - 86. Let v be y(-28). Let h(j) = 3*j**3 - j + 2. Give h(v).
-20
Let d(j) = j + 25. Let h be ((-341)/(-93))/((-2)/(-54)). Let v = h - 99. Calculate d(v).
25
Let k = 66 - 63. Suppose b = k*b - 6. Let s(p) = p**3 - p**2 - 3*p - 